 - a**3/6 - 6*a**2. Let j = -18 - -25. What is v(j)?
6
Let j(p) = p - 1. Let s be j(-2). Let a(h) = -2*h - 4. Calculate a(s).
2
Let z(v) = v**2 - 2*v - 2. Let s(c) = 3*c - 3. Let i be s(3). Let t be (4/i)/((-6)/(-36)). Determine z(t).
6
Let m(u) = -2*u**2 - 11*u + 3. Let j be m(-5). Let y(x) = x - 9. Give y(j).
-1
Let b(g) be the second derivative of g**3/2 + 3*g**2 - 2*g. Suppose 3 = -3*p + 2*p. Let x be -3*(-1 + (-7)/p). Give b(x).
-6
Let i(n) = -2*n + 3. Let y(b) = b - 1. Let j(g) = 4*g + 3. Let q(p) = j(p) - 5*y(p). Let o be q(4). Let d(v) = -3*v + 3. Let k(l) = o*d(l) - 5*i(l). Give k(-4).
5
Let l(y) = -5*y**2 - 15*y + 8. Let p(t) = -2*t**2 - 7*t + 4. Let v(b) = 3*l(b) - 7*p(b). Let i be v(3). Let o(f) = f**2 - 2*f - 1. Give o(i).
2
Suppose x - 24 = -5*f - 0*x, 0 = -4*f - 5*x + 15. Let y(g) = 4*g**2 + 2*g**2 - g**3 - 4 - 3*g + 0. What is y(f)?
6
Let b(a) = -4*a**2 - 8*a**2 - 2*a + 1 + 0*a**2. Give b(1).
-13
Let w = 75 + -72. Let a(s) = -s**2 + s + 2. Determine a(w).
-4
Let g = 11 + -17. Let s(i) = -i - 4. Let r be s(g). Let d(w) = 6 + 0*w**r - 7*w - 2 + w**2. Determine d(4).
-8
Suppose -20 = 7*t - 3*t. Let r be 3 + (-1)/1 + 1. Let o(y) = y - 4 - r*y - 1. Calculate o(t).
5
Let f(g) = -g + 1. Let y(m) = -m**2 - 7*m - 1. Let q be y(-5). Suppose 0 = -k + 4*j - q, -2*k - 3*j + j = 8. Give f(k).
6
Let i(p) = p**2 + 6*p - 5. Let f(d) = -d**2 - 7*d + 6. Let a(v) = 4*f(v) + 5*i(v). Suppose 5*x - 21 = 4. Suppose 0 = x*w - 2 - 3. Calculate a(w).
2
Let t(h) = h**3 - 8*h**2 - h + 11. Let f be t(8). Let j(o) = 0*o - o**f + 6*o**2 + 2*o - 8 + 1. Calculate j(6).
5
Let s(i) = -114*i + 2 + 115*i + 0. Let k(r) = r**2. Let n be k(1). Let g be -6*(n/(-2) + 1). Determine s(g).
-1
Let w(m) = 11*m**2 + 19*m - 35*m + 15*m. Let x = 4 - 1. Suppose -4*p + p + 3 = -x*v, -2*v = p - 1. Give w(p).
10
Let q(j) = j**3 + 5*j**2 + 5*j + 2. Let f be -8 - -5 - 0/(-1). Calculate q(f).
5
Let y(a) = -10*a**2 + 33*a - 26. Let g(q) = -7*q**2 + 22*q - 17. Let z(p) = 7*g(p) - 5*y(p). What is z(10)?
1
Suppose -1 = 4*l + 3. Let c(w) = -19*w**2 + w. Give c(l).
-20
Let b(g) be the first derivative of -g**3/3 - g**2/2 - 5*g + 1. Let j(c) = c + 4. Let s be j(-9). Let v = 5 + s. Determine b(v).
-5
Let v(u) = 0*u**2 - 5*u**3 - 2 - 2 + 3*u + 5*u**2 - 4*u. Let f(d) = 15*d**3 - 14*d**2 + 3*d + 11. Let m(a) = 4*f(a) + 11*v(a). Give m(1).
5
Let f(a) = a**3 - 11*a**2 + 10*a + 1. Let t be (2/3)/(2/30). Let z be f(t). Let q be 3 + -1 + 1 + z. Let l(w) = w**3 - 5*w**2 + 2*w + 4. Calculate l(q).
-4
Let b(a) = -1 + 19*a**3 - 2*a**2 - 7*a**3 + 0*a + a - 11*a**3. What is b(2)?
1
Let n(t) be the second derivative of -2*t**2 + 1/3*t**3 + 5/12*t**4 + 0 - 3*t - 1/20*t**5. What is n(5)?
6
Let g(k) be the third derivative of 1/40*k**5 + 1/180*k**6 + 1/8*k**4 + 0*k + 0 - 1/6*k**3 + 4*k**2. Let p(n) be the first derivative of g(n). What is p(-2)?
5
Let d be 0/3*(-1)/2. Let y(p) = -3*p**2 - 5 + 2*p**2 - p - 5. Calculate y(d).
-10
Let y(s) be the first derivative of -s**4/24 + 2*s**3/3 - s**2/2 + 5. Let u(a) be the second derivative of y(a). Calculate u(5).
-1
Let d(z) = z**2 - 1. Let b(k) = 5*k**2 - 5 - 5 - 4*k + 1. Let y(n) = -n + 8. Let f be y(4). Let s(x) = f*d(x) - b(x). Determine s(4).
5
Let b(c) = -c**2 + 5*c + 3. Let k be b(5). Let a(l) = -l**3 + 2 + 5*l**2 - k - 2*l + 0*l - 2*l. What is a(4)?
-1
Let v(z) = z**2 - z - 2. Let s(u) = -u + 8. Let w be s(-6). Let g be 52/w - (-8)/28. Determine v(g).
10
Let p(c) = c**2 - 4*c - 4. Suppose -5*t = -0*t - 25. Calculate p(t).
1
Let y(o) = 18*o. Let s(g) = -g - 4 + 4. Let m be (1/2)/1*-30. Let i(p) = m*s(p) - y(p). What is i(2)?
-6
Let q(u) = -3*u**3 - 1. Let l be (3/(-1))/(-1) + -2. Determine q(l).
-4
Suppose 6*z - 4*z - 8 = 0. Let n be 6/z*(-4)/6. Let t(y) = 11*y**3 + 2*y + 1. What is t(n)?
-12
Suppose -s + 8 = 3*s. Let v be 2*s/(-4)*5. Let l(i) = -1 - 19*i - i**2 - 24*i + 39*i. Determine l(v).
-6
Let m(j) = -j**2 + j + 1. Let z = -7 + 8. Let i be (-15)/(-6) - z/(-2). Suppose i*w + 8 = 2. Calculate m(w).
-5
Let z(j) be the third derivative of -j**9/12096 + j**8/20160 - j**6/720 - j**5/20 - 3*j**2. Let a(p) be the third derivative of z(p). Determine a(1).
-5
Let n(c) = c - 8. Let p be n(6). Let m(b) be the third derivative of 1/8*b**4 + 1/6*b**3 + 0 + b**2 + 0*b. Calculate m(p).
-5
Let l(m) = 7 + 5*m**3 - 4*m**3 + 92*m - 86*m - 7*m**2. What is l(6)?
7
Let c(b) = -3 + 6 + 5 + 2859*b - 2860*b. What is c(0)?
8
Suppose 3*u = 2*u + 1. Let w be (u/(-2))/(1/(-12)). Let l(o) = o**3 - 7*o**2 + 5*o - 5. Calculate l(w).
-11
Let y(x) = -x**3 + 6*x**2 - 3*x - 6. Let l be y(5). Suppose 2*m = p - 2*m - 1, -m - 4 = -l*p. Let z(q) = -8*q. What is z(p)?
-8
Let r(g) be the first derivative of g**3/3 + 3*g**2/2 + 4*g - 1. Suppose -7*k - 19 - 2 = 0. Give r(k).
4
Let k(o) = -2*o**2 - 4*o - 2. Let l be (-4)/(-3)*(-5 + 2). Calculate k(l).
-18
Let k(c) = c**2 + 4*c + 3. Suppose 13 = -y - 4*y + a, 0 = 2*y - 3*a + 13. Calculate k(y).
-1
Let j(f) = 2*f**3 - 27*f**2 + 14*f + 31. Let w(n) = -n**3 + 14*n**2 - 7*n - 16. Let o(m) = 6*j(m) + 11*w(m). Determine o(7).
10
Let s(a) = -a**3 + 4*a**2 - 4*a + 4. Let y be 0/4 + 0 + 15. Suppose -16*u + y = -11*u. What is s(u)?
1
Let s(x) = -x**3 + 3*x**2 + 2*x + 2. Let w(m) = m**2. Let v(d) = s(d) - 6*w(d). Let k = 9 + -12. Give v(k).
-4
Let u = 0 - -5. Let o be (15/(-6))/u*4. Let q(i) = 0*i + 4*i**2 + i - 1 - i**2. Give q(o).
9
Let p(f) = -5*f - 11. Let d(h) = -6*h - 11. Let y(o) = 4*d(o) - 5*p(o). Let s = -18 + 11. Determine y(s).
4
Suppose -2*c = -10 - 14. Suppose -c = 2*i - 0*i. Let s(o) = 10*o**2 - o**3 + o + 2 + 0*o**2 - 16*o**2. Calculate s(i).
-4
Let z be -1 + 2 - (-2 - -3). Let b = z + 2. Let w(y) = b*y**2 + 4 - y**3 + y**2 + 3*y + 0*y. Calculate w(4).
0
Let t(x) be the first derivative of x**3/3 + x**2 - 5*x - 4. Calculate t(-4).
3
Let i(f) = 0*f**2 + 6*f**2 + f**3 + 5 + 0*f**3 + 1. Let q = -29 - -23. Calculate i(q).
6
Let d(a) = 2*a**2 + 4*a + 3. Let m be -7*(-8)/(-16) - 6/(-4). What is d(m)?
3
Let q(v) = -v**3 - 6*v**2 + 7*v - 2. Let j = 2 - 2. Suppose 5*m + 7 + 28 = j. What is q(m)?
-2
Suppose 3*q = 12 - 0. Let o(l) = l**3 - 3*l**2 - l + 2. Determine o(q).
14
Let u(d) be the third derivative of 0*d**4 + 0 + 0*d**5 + d**2 + 0*d + 1/6*d**3 - 1/360*d**6. Let c(p) be the first derivative of u(p). Determine c(0).
0
Let k(b) = 2*b**2 - b. Suppose 5*x - 9*x = 40. Let f = x + 12. Determine k(f).
6
Let a(t) = -6*t**2 + 2 - t + 4*t**2 + 0. Let w(s) = -s + 7. Let x be w(9). Determine a(x).
-4
Let n be (4/(-4)*-2)/1. Let w(q) = -q**3 - 2*q**2 + q + 2. Determine w(n).
-12
Let f(b) = -b**2 + b. Suppose 2*k = 2*c + 14, 2*k = 6*c - 3*c + 17. Calculate f(c).
-12
Let f = 107 - 99. Let u(y) = -y + 13. What is u(f)?
5
Let g = -29 - -25. Let o(i) be the first derivative of i**2/2 + 4*i - 1. Give o(g).
0
Let l = -9 - -5. Let a be 5/((-2)/l*-2). Let s = a + 1. Let c(r) = -r**3 - 3*r**2 + 5*r - 1. Calculate c(s).
-5
Let z(h) = -h - 13. Let n be z(-11). Let t(j) = j**3 + 2. What is t(n)?
-6
Let i(a) be the first derivative of 3*a**2/2 - 9. Calculate i(3).
9
Let k(a) be the second derivative of -a**4/12 + 7*a**3/6 - a**2 + 9*a. Suppose 0*n + 3*n - 3 = -4*m, -3*n - 2*m + 9 = 0. What is k(n)?
8
Let x(l) = 11*l**3 + 7*l**2 - 10*l - 5. Let r(g) be the first derivative of 5*g**4/4 + g**3 - 5*g**2/2 - 2*g + 2. Let v(f) = -9*r(f) + 4*x(f). Give v(3).
-5
Let a = 1 - -2. Suppose -2 = -5*i + a. Let d(z) = -8*z + z**2 + i + 2 + 4*z. Determine d(3).
0
Let a(r) = -8*r**3 - 2 + 22*r**3 + 2*r - 11*r**3. Give a(2).
26
Let g(d) = 8*d**3 + 6*d**2 - 7*d. Let n(r) = -r**3 - r**2 + r. Let u(k) = -g(k) - 6*n(k). What is u(-1)?
1
Let r(t) = 11*t - 17*t - 4 + 5*t - 5*t**3 + 3. What is r(-1)?
5
Let c(y) = -y**2 - 5. Let q(d) = d**2 - 4. Let z be q(-2). Calculate c(z).
-5
Let r(k) = 6*k**3 + 6*k**2 - 2*k + 6. Let c(n) = -6*n**3 - 7*n**2 + 2*n - 7. Let a(j) = 5*c(j) + 6*r(j). What is a(1)?
6
Let v(m) = -m**2 - 3*m + 3. Let s be 2/7 + 66/14. Suppose 15 = s*t - 5*q, 0*q = -5*t + q + 19. Suppose -2*o + 0*o = -t. Calculate v(o).
-7
Let r(f) = 2*f - 12. Let h be r(8). Let p(v) = 8 - h*v + 3*v - 3. Suppose 2 + 6 = 2*t. Determine p(t).
1
Let v(y) be the first derivative of y**4/24 + y**3/2 - y**2 + 5. Let q(x) be the second derivative of v(x). Give q(5).
8
Let v(h) be the third derivative of 0*h + 